10) in base 16?
-2
What is -11 (base 12) in base 13?
-10
-3 (base 6) to base 12
-3
Convert 3 (base 5) to base 10.
3
What is 13 (base 6) in base 10?
9
15 (base 11) to base 9
17
Convert 91 (base 13) to base 10.
118
What is -6 (base 11) in base 4?
-12
-1 (base 9) to base 15
-1
Convert -121 (base 3) to base 16.
-10
What is 0 (base 13) in base 16?
0
What is -84 (base 16) in base 2?
-10000100
-5 (base 12) to base 10
-5
-11 (base 6) to base 16
-7
-603 (base 7) to base 13
-19b
What is 0 (base 8) in base 13?
0
Convert -11 (base 5) to base 10.
-6
27 (base 15) to base 13
2b
What is 2 (base 16) in base 3?
2
6b (base 12) to base 16
53
What is 13 (base 7) in base 3?
101
Convert 0 (base 12) to base 13.
0
1 (base 14) to base 9
1
2 (base 7) to base 16
2
Convert -c0 (base 14) to base 11.
-143
What is 6 (base 15) in base 10?
6
Convert 11 (base 7) to base 10.
8
-28 (base 10) to base 3
-1001
What is 170 (base 8) in base 7?
231
14 (base 5) to base 9
10
What is -1020 (base 3) in base 12?
-29
What is -34 (base 10) in base 15?
-24
c2 (base 15) to base 4
2312
What is 2 (base 9) in base 16?
2
What is -3 (base 16) in base 3?
-10
Convert -4 (base 9) to base 14.
-4
Convert -2 (base 11) to base 6.
-2
Convert 10 (base 4) to base 15.
4
-14 (base 9) to base 2
-1101
Convert -12 (base 5) to base 6.
-11
Convert 2 (base 8) to base 4.
2
1 (base 5) to base 10
1
Convert 1 (base 13) to base 3.
1
-61 (base 12) to base 10
-73
-2 (base 14) to base 16
-2
-10 (base 3) to base 6
-3
-12 (base 3) to base 14
-5
Convert -10 (base 2) to base 11.
-2
Convert 3 (base 15) to base 11.
3
Convert 210 (base 4) to base 6.
100
122 (base 6) to base 2
110010
2 (base 9) to base 11
2
What is 1 (base 12) in base 4?
1
-9 (base 12) to base 2
-1001
-3c (base 16) to base 10
-60
What is -110 (base 2) in base 3?
-20
2 (base 6) to base 11
2
Convert -1101101 (base 2) to base 13.
-85
Convert 25 (base 11) to base 6.
43
Convert -4 (base 12) to base 14.
-4
What is 1 (base 12) in base 9?
1
What is -4 (base 7) in base 9?
-4
Convert -2 (base 10) to base 11.
-2
What is -32 (base 7) in base 16?
-17
What is 7 (base 15) in base 4?
13
Convert -1212 (base 3) to base 5.
-200
What is -22 (base 12) in base 3?
-222
34 (base 15) to base 10
49
What is -30 (base 12) in base 10?
-36
What is 2c (base 13) in base 4?
212
Convert 20 (base 6) to base 9.
13
-189 (base 10) to base 5
-1224
-124 (base 8) to base 5
-314
0 (base 2) to base 15
0
Convert -3 (base 16) to base 11.
-3
Convert 0 (base 2) to base 6.
0
Convert -42 (base 5) to base 15.
-17
-279 (base 10) to base 11
-234
Convert 4b (base 16) to base 14.
55
517 (base 8) to base 16
14f
Convert 64 (base 13) to base 14.
5c
Convert 1 (base 13) to base 5.
1
What is -bb (base 14) in base 13?
-c9
What is -20 (base 3) in base 4?
-12
-1311 (base 6) to base 4
-11023
What is 75 (base 16) in base 13?
90
What is 1 (base 5) in base 10?
1
What is 3 (base 7) in base 14?
3
101000 (base 2) to base 4
220
Convert 3 (base 16) to base 13.
3
Convert -2 (base 13) to base 7.
-2
Convert -80 (base 13) to base 11.
-95
Convert -112 (base 13) to base 7.
-352
140 (base 8) to base 16
60
-3 (base 5) to base 3
-10
Convert -10 (base 4) to base 6.
-4
Convert 8 (base 15) to base 3.
22
What is 3 (base 8) in base 16?
3
What is 7 (base 8) in base 5?
12
What is -22 (base 8) in base 16?
-12
Convert -10 (base 3) to base 14.
-3
What is 1b (base 14) in base 3?
221
What is -2 (base 16) in base 11?
-2
Convert -9 (base 10) to base 3.
-100
What is d (base 14) in base 16?
d
What is -2 (base 3) in base 12?
-2
301 (base 4) to base 13
3a
What is 1c (base 16) in base 5?
103
What is 57 (base 9) in base 5?
202
Convert 34 (base 7) to base 2.
11001
-16 (base 7) to base 8
-15
What is -45 (base 8) in base 12?
-31
What is 6 (base 12) in base 7?
6
What is -6 (base 15) in base 4?
-12
What is -46 (base 8) in base 11?
-35
What is -101 (base 3) in base 5?
-20
What is -5 (base 10) in base 5?
-10
What is 2 (base 12) in base 11?
2
Convert -230 (base 7) to base 12.
-9b
Convert 0 (base 7) to base 10.
0
Convert 12 (base 13) to base 3.
120
Convert -24 (base 12) to base 7.
-40
What is -11 (base 4) in base 13?
-5
Convert -101010 (base 2) to base 10.
-42
10 (base 5) to base 7
5
Convert 1100 (base 2) to base 12.
10
-2 (base 6) to base 10
-2
What is -87 (base 14) in base 3?
-11102
1114 (base 5) to base 13
c3
-1 (base 8) to base 2
-1
Convert 4 (base 9) to base 16.
4
What is 5 (base 10) in base 16?
5
-54 (base 7) to base 3
-1110
Convert 34 (base 14) to base 5.
141
What is 36 (base 10) in base 15?
26
39 (base 16) to base 4
321
Convert 420 (base 6) to base 7.
312
21 (base 4) to base 2
1001
What is 4 (base 8) in base 5?
4
What is 0 (base 4) in base 9?
0
What is 15 (base 7) in base 16?
c
-14 (base 8) to base 15
-c
Convert 0 (base 12) to base 4.
0
Convert 88 (base 13) to base 12.
94
Convert 2 (base 11) to base 15.
2
What is 11 (base 5) in base 11?
6
-1 (base 4) to base 15
-1
What is 16 (base 9) in base 13?
12
What is -1010 (base 3) in base 8?
-36
-204 (base 9) to base 8
-246
Convert 142 (base 11) to base 13.
cb
What is -3 (base 12) in base 2?
-11
-14 (base 5) to base 11
-9
-241 (base 7) to base 10
-127
Convert 111 (base 4) to base 8.
25
131 (base 4) to base 8
35
Convert 4 (base 12) to base 6.
4
What is -3 (base 7) in base 16?
-3
75 (base 12) to base 15
5e
4 (base 16) to base 6
4
-3 (base 4) to base 5
-3
Convert 33 (base 11) to base 15.
26
5 (base 10) to base 15
5
-1b (base 15) to base 3
-222
Convert 4b (base 13) to base 4.
333
Convert -20101 (base 3) to base 8.
-254
Convert -4 (base 14) to base 9.
-4
Convert -32 (base 10) to base 14.
-24
What is -7 (base 10) in base 6?
-11
Convert -7 (base 15) to base 16.
-7
-110 (base 3) to base 9
-13
84 (base 15) to base 8
174
What is -2 (base 9) in base 7?
-2
Convert -6f (base 16) to base 5.
-421
Convert a (base 12) to base 15.
a
What is 10 (base 2) in base 11?
2
What is 130 (base 4) in base 16?
1c
Convert 50 (base 11) to base 7.
106
-3 (base 14) to base 11
-3
What is 85 (base 10) in base 4?
1111
3 (base 9) to base 15
3
526 (base 9) to base 5
3204
1 (base 5) to base 11
1
2021 (base 3) to base 12
51
Convert 0 (base 11) to base 2.
0
Convert -a (base 14) to base 10.
-10
What is 3 (base 16) in base 11?
3
What is 11a (base 13) in base 9?
233
a (base 16) to base 2
1010
Convert b (base 12) to base 4.
23
100001 (base 2) to base 9
36
Convert 0 (base 12) to base 4.
0
-3 (base 15) to base 16
-3
-2 (base 15) to base 2
-10
Convert -9a (base 12) to base 16.
-76
344 (base 5) to base 2
1100011
What is -2 (base 4) in base 6?
-2
66 (base 14) to base 15
60
What is 24 (base 14) in base 11?
2a
Convert 6 (base 7) to base 3.
20
What is 1 (base 5) in base 8?
1
4 (base 12) to base 2
100
2b (base 14) to base 4
213
-221 (base 6) to base 10
-85
What is -4 (base 13) in base 11?
-4
What is 1000010 (base 2) in base 4?
1002
-2 (base 5) to base 10
-2
Convert 10101000 (base 2) to base 5.
1133
2 (base 9) to base 5
2
Convert 1a (base 12) to base 11.
20
What is -1 (base 15) in base 5?
-1
Convert 97 (base 16) to base 9.
177
-1 (base 3) to base 12
-1
-11 (base 10) to base 16
-b
-12 (base 8) to base 5
-20
What is 3 (base 9) in base 11?
3
-1 (base 3) to base 13
-1
What is -222 (base 5) in base 16?
-3e
What is -5 (base 6) in base 7?
-5
Convert -10 (base 11) to base 10.
-11
Convert 12 (base 3) to base 10.
5
What is 233 (base 5) in base 2?
1000100
What is 3 (base 10) in base 16?
3
Convert 2 (base 15) to base 4.
2
Convert 0 (base 13) to base 5.
0
-38 (base 12) to base 2
-101100
Convert -4 (base 9) to base 5.
-4
-1 (base 7) to base 14
-1
What is 8 (base 16) in base 7?
11
Convert 10 (base 10) to base 14.
a
What is 9 (base 15) in base 4?
21
What is 2 (base 11) in base 14?
2
Convert 5 (base 13) to base 12.
5
2 (base 8) to base 7
2
Convert -2 (base 10) to base 9.
-2
Convert 5 (base 10) to base 13.
5
Convert 1 (base 16) to base 5.
1
16 (base 7) to base 8
15
What is 14 (base 8) in base 3?
110
123 (base 4) to base 2
11011
What is -15 (base 13) in base 11?
-17
What is 4 (base 14) in base 13?
4
Convert -45 (base 16) to base 14.
-4d
What is 15 (base 8) in base 16?
d
What is -4 (base 6) in base 10?
-4
Convert -32 (base 9) to base 3.
-1002
Convert -a8 (base 15) to base 3.
-12212
-3 (base 10) to base 3
-10
What is -104 (base 5) in base 12?
-25
What is 2 (base 16) in base 12?
2
8 (base 11) to b